the highest common factor of 33 and u?
11
Let v be -4*(11/(-4) - -1). Let u(h) = 6*h + 3. Let p be u(10). Calculate the highest common factor of v and p.
7
Let w be 4/5 - (-1104)/(-30). Let r be ((-10)/(-6))/((-30)/w). Let u be (-3)/(-2)*(-80)/(-6). What is the highest common factor of r and u?
2
Let y = 217 + -97. What is the greatest common divisor of y and 48?
24
Let q be 1/5 - 70/(-25). Let n be (4/q)/((-4)/(-132)). Calculate the greatest common divisor of n and 66.
22
Suppose 0 = 2*i + 1 - 3. Let q = 6 - i. Let v(f) = f**2 - 2*f - 7. Let m be v(q). What is the greatest common divisor of 12 and m?
4
Let c(b) = -12*b. Suppose 5*d = -5*x - 6 - 4, -5*x = -20. Let p be c(d). What is the greatest common factor of p and 9?
9
Let i = 45 - -4. Let z = -21 + i. What is the greatest common factor of z and 4?
4
Suppose 2*q + 0*j + 3*j - 154 = 0, -2*q - 4*j = -150. Let l = -35 + q. Calculate the highest common factor of 12 and l.
12
Let y be 1/(((-4)/8)/((-11)/2)). Calculate the highest common factor of y and 1.
1
Let t = -82 + 115. Let z = -1 + t. Suppose 2*c - 3*c + z = 0. Calculate the greatest common factor of c and 8.
8
Let n be 4/(-6)*114/(-4). Calculate the greatest common divisor of 133 and n.
19
Suppose 7*t - 54 = t. Suppose -3*d - t = -84. Calculate the highest common factor of d and 10.
5
Suppose -4*c + 6 = -0*c - 2*g, -2*g = -5*c + 10. Suppose c*u = -2*o - 3*o + 82, -o - 70 = -4*u. Calculate the highest common factor of u and 72.
18
Suppose -j + 10*j = 81. Calculate the greatest common factor of 81 and j.
9
Let z = -187 - -35. Let m = 262 + z. What is the highest common factor of m and 44?
22
Suppose f - 8 + 3 = 0. Suppose f*t = 3*q + 3*t - 31, 0 = 2*q - 2*t - 22. Let c(x) = 7*x - 6. Let z be c(6). Calculate the highest common factor of q and z.
9
Let y(j) = j**3 - 9*j**2 + j - 6. Let f be y(9). What is the greatest common divisor of f and 1?
1
Let w be 27*-1*(-22)/3. Let x(f) = 17*f**2 - f. Let a be x(-1). What is the highest common divisor of w and a?
18
Let s(r) = -2*r**3 - 4*r**2 + r - 1 - 4*r - 4*r**2 + 4*r**2. Let d be s(-4). Calculate the greatest common factor of 30 and d.
15
Let h be (-98)/(-8) + (-2)/8. Suppose b + 3*t - 6 = 0, 2*b + 2*t + t = 6. Suppose -3*v + 57 + 123 = b. Calculate the greatest common factor of h and v.
12
Let w be (3*-1)/((-3)/2). Let r be 40/(w + 2/(-2)). Let p = -48 - -64. Calculate the greatest common divisor of r and p.
8
Let b be ((-2)/(-3) + 0)*18. Calculate the highest common factor of b and 60.
12
Let a = 2417 + -1314. Suppose a - 277 = 2*i. Suppose 0 = -3*t - 4*c + i, 0 = -2*t - 5*c + 157 + 123. What is the greatest common divisor of t and 15?
15
Let y(b) = b**2. Let h be y(-2). Let o = h + 24. What is the greatest common divisor of o and 4?
4
Suppose 4*t - 8*t = -232. Calculate the highest common divisor of 145 and t.
29
Let b = -14 + 58. Let i be -1 - 1*1*-2. Suppose -k - i = -5. What is the greatest common factor of k and b?
4
Let o(m) = m**2 + m - 1. Let y be o(-3). Suppose 4*k + 4*v = 36, -3*k - 3*v - 2*v = -35. What is the highest common divisor of k and y?
5
Suppose 2*z + 6 = 0, 0 = -4*x - z - 2*z + 183. Calculate the greatest common divisor of x and 6.
6
Suppose 5*f - f - 68 = 0. Suppose 5*k = t + 2*t + 431, 0 = 4*k - 3*t - 346. Calculate the highest common divisor of k and f.
17
Let d be (0 + (-3)/2)*14. Let c be (-56)/12*54/d. What is the highest common factor of 48 and c?
12
Let m(y) = 29*y**2 - 2*y. Let z be m(-2). Calculate the greatest common divisor of 20 and z.
20
Let h be 12/(-20) + 7/(-5). Let r be (-35)/h + 1/2. What is the highest common divisor of r and 45?
9
Let d(a) = 5 - a**3 - 3 - 3*a**2 - 2 + 1 + 9*a. Let k be (4/3)/((-2)/9). Let l be d(k). What is the greatest common divisor of 11 and l?
11
Suppose -t = 3*b + 2*t - 285, -t = -5*b + 445. Calculate the highest common divisor of 60 and b.
30
Let h(d) = 3*d - 1. Let z be h(1). Suppose -4*n = -5*q - 625, -3*q - 329 = -z*n - 6*q. What is the highest common factor of 20 and n?
20
Let q be 1/(6/(-8))*-3. Suppose -5 - 7 = -3*k. Suppose -k*i + 5*d = -46, q*d + 31 = 5*i - 22. What is the highest common factor of i and 9?
9
Let m be (-2 + 2)*(-1)/(-2). Suppose 1 - 93 = -5*i - 3*n, -3*i - 2*n = -56. Let r = i - m. What is the highest common divisor of 48 and r?
16
Let y be -3 + -2 + 0 + -1. Let j be (-40)/y*27/6. Let p(x) = -3*x + 3. Let b be p(-4). What is the greatest common divisor of b and j?
15
Let a be (-182)/(-21) + (-1)/(-3). Calculate the greatest common divisor of 9 and a.
9
Let l(n) = -22*n. Let k be 1/(-3) + 42/(-9). Let x be l(k). Suppose b = 4 + 6. What is the highest common factor of b and x?
10
Suppose j = -0*b + 3*b + 480, 0 = b - 2*j + 155. Let x(m) = -21*m - 2. Let r be x(-13). Let a = r + b. Calculate the highest common divisor of 10 and a.
10
Let r = -36 + 50. Suppose 23 + 5 = 4*u. Calculate the greatest common factor of r and u.
7
Let v be 11 + -9 - 1*3. Let k be (-7)/1*v/1. What is the highest common divisor of 7 and k?
7
Let z(w) = -58*w - 3. Let j be z(-1). Calculate the greatest common divisor of 5 and j.
5
Let n = -68 + 119. Let d = n + -27. Suppose -4*t = -93 + 29. Calculate the highest common factor of t and d.
8
Let j(t) = t**3 - 13*t**2 + 12*t + 5. Let b be j(12). What is the greatest common factor of b and 65?
5
Let u(t) = -5*t + t**2 + 5*t + 3*t + 3*t + 9. Let m be u(-6). What is the greatest common factor of m and 63?
9
Let u be (3 - (3 - 14))/((-2)/(-2)). Calculate the greatest common divisor of u and 21.
7
Let o(s) = -s**2 - s - 1. Let z be o(-9). Let i = -33 - z. Let x = -22 + i. What is the greatest common divisor of 18 and x?
18
Let k(b) = 4*b**2 - 4*b + 6. Let y be k(6). Suppose g = -0 + 14. What is the greatest common factor of g and y?
14
Let o be 10/25 - (-17)/(-5). Let p be (-4)/6*-3 - o. Calculate the highest common divisor of 40 and p.
5
Suppose 3*a + 4*c - 84 = 0, 2*c = -2*a - a + 90. Calculate the greatest common divisor of 160 and a.
32
Let l be 17/5 - 8/20. Suppose l*z = 7*z - 16. Suppose 3*b + 66 = h - 3, -z*h - 2*b + 332 = 0. What is the highest common divisor of 9 and h?
9
Let o = 13 - 14. Let x be 143 + (2 + -3)/o. What is the greatest common factor of x and 16?
16
Suppose 0 = -5*h + 2*v + 250, 23 = -5*v - 2. Let m be 24*(-4)/(-20)*5/3. What is the greatest common factor of h and m?
8
Let k(r) = 60*r + 7. Let l(y) = -15*y - 2. Let v(s) = 2*k(s) + 9*l(s). Let n be v(-3). Let q = n - 18. What is the highest common divisor of 23 and q?
23
Suppose m = 13 + 7. What is the highest common divisor of 8 and m?
4
Suppose 3*v + o = 5*o + 844, -869 = -3*v - o. What is the highest common factor of v and 36?
36
Let f(u) = 11*u**2 + 4. Let k be f(-2). Calculate the highest common factor of 6 and k.
6
Suppose 31 + 239 = 5*b. Calculate the greatest common factor of 6 and b.
6
Let x = 78 + -43. Suppose x = -6*l + l. Let z(h) = h**3 + 6*h**2 - 10*h - 7. Let m be z(l). What is the greatest common factor of 14 and m?
14
Suppose -5*j + 152 = -433. Let t = j - 270. Let v be t/(-12) - (-3)/12. What is the highest common divisor of 65 and v?
13
Suppose -3*j + 0*j = -5*w - 125, -3*j + 119 = w. What is the highest common divisor of 5 and j?
5
Let k(y) = y**2 + 3*y + 70. Let q(x) = -x**2 - x. Let h(p) = k(p) + 2*q(p). Let l be h(0). Let g = 22 + -15. Calculate the highest common factor of l and g.
7
Let s = 55 + -37. What is the greatest common factor of 18 and s?
18
Suppose -5*p - c - 3 = 10, -5*c = -5*p - 25. Let u = p - -6. Suppose -3*g + u*n = 5*n - 37, -4*g = 5*n - 61. What is the greatest common divisor of g and 72?
9
Let x be (7 + -3)*(2 + -1). Suppose 2*d - x*d - 2*m = -2, -d = -m + 1. Suppose d = 2*p - 5*p + 24. Calculate the highest common factor of p and 88.
8
Let z = 54 - 40. Calculate the highest common factor of 2 and z.
2
Let x(k) = -k**3 - 10*k**2 - 11*k + 1. Let r be x(-9). What is the greatest common divisor of r and 114?
19
Suppose a = 3*v - 43, 7*a = 4*v + 4*a - 54. What is the highest common divisor of 6 and v?
3
Let a(u) = u**3 - 8*u**2 + 6*u + 5. Let i be a(7). Let w be ((-3)/i)/(21/518). What is the highest common factor of 37 and w?
37
Let h(u) = -6*u**3. Let g = 3 - 4. Let n be h(g). Let l = 10 + 44. Calculate the highest common factor of l and n.
6
Suppose 4*w = -4*w + 64. Calcul